 + 4*d + 456. What is the remainder when k is divided by 29?
26
Calculate the remainder when 69/(-2)*(-48)/36 is divided by (-8)/5*-2*5.
14
Suppose 3*v = -4*d + 29, 2*d + 3*v = 2*v + 13. Let b = d - -15. Calculate the remainder when b is divided by 11.
9
Let g(b) = -b**3 - 2*b**2 + b. Suppose 0 - 10 = -5*j. Suppose 3*s = -j*s + 10. Calculate the remainder when g(-3) is divided by s.
0
Suppose 0 = -4*b + 419 - 75. Let c(p) = -p**3 + 6*p**2 + p - 1. What is the remainder when b is divided by c(5)?
28
Suppose -3*z + 4*p = -95, 5*z + 3*p - 167 - 1 = 0. What is the remainder when 61 is divided by z?
28
Calculate the remainder when 16 is divided by ((-16)/20)/(-2) - (-28)/5.
4
Let p = 268 + -251. What is the remainder when 48 is divided by p?
14
Suppose 4*f = 4*v - 2*v - 92, 4*v + 4*f - 124 = 0. Let x = v + -2. What is the remainder when x is divided by (-8)/(-68) + (-302)/(-34)?
7
Let h(s) = s - 6. Let u be h(11). Suppose -u*b = -3*n + n + 275, b + 380 = 3*n. Let l = -84 + n. Calculate the remainder when l is divided by 11.
8
Suppose 0 = 70*i - 73*i. Suppose 4*r + 5*v - 62 = i, -4*r + v + 3*v = -44. Calculate the remainder when 63 is divided by r.
11
Suppose 9*s = 34 - 7. Suppose 5*v - s*v + 4 = r, 4*v - 32 = -2*r. Suppose -4*y = 3*d - 4 - 1, 5*y - 4 = -3*d. What is the remainder when r is divided by d?
1
Let f(r) = 4*r**2 + 2*r - 1. Let t be f(1). Suppose 0 = -3*k + 5*i + 77, 2*i - 4*i = -t*k + 141. What is the remainder when k is divided by 5?
4
Let t = -113 + 128. Calculate the remainder when 282 is divided by t.
12
Suppose -5 = t - 28. Let c be ((-1208)/(-16) + -7)*(4 + -2). Suppose c = 3*j + 119. What is the remainder when t is divided by j?
5
Let u(w) = -w**3 - w**2 - w - 1. Let m be u(-1). Suppose m = 5*j, 2*n - j - 78 = -4*j. Let a(v) = 7*v - 1. Calculate the remainder when n is divided by a(3).
19
Let l(i) = 2*i**2 + 17*i + 13. Calculate the remainder when 171 is divided by l(-10).
42
Let m = 0 - -10. Let z(k) = -6*k**3 + k - 1. Let i be z(-2). Let d = i - 41. Calculate the remainder when m is divided by d.
2
Suppose -91 = -4*d + 125. Let x = 109 + -41. Let p = d + x. Calculate the remainder when p is divided by 31.
29
Let u = 26 - 21. Let c(p) = 2*p + 6. Let g = 5 + 4. What is the remainder when c(u) is divided by g?
7
What is the remainder when 15/((-1485)/22) + (-5406)/(-27) is divided by 69?
62
Let n = -73 - -32. Let v = n + 52. What is the remainder when 62 is divided by v?
7
What is the remainder when 15 is divided by ((-72)/(-40))/(6/40)?
3
Let x = -125 - -212. Let u = 138 - x. Calculate the remainder when u is divided by 11.
7
Let p = 6 + 2. Suppose -17 = -m - 5*x + x, 0 = 4*x + 4. Calculate the remainder when m is divided by p.
5
Suppose -199 = -3*t + 5*x, 5*t + 12 - 347 = 5*x. Calculate the remainder when t is divided by 12.
8
Let q(y) = y**3 + 2*y**2 - 3*y - 6. What is the remainder when 111 is divided by q(3)?
21
Suppose -16 = 2*n + 14. Let v = 14 + n. Let u = v - -10. Calculate the remainder when 17 is divided by u.
8
Let s(k) = 9*k**2 - k. Let x = -26 + 44. Let y = x + -20. Calculate the remainder when s(y) is divided by 10.
8
Suppose -2*w - 3*p - 1 + 12 = 0, 5*p + 11 = 4*w. Suppose 3*q + 2*g - 156 = -q, 3*q + w*g = 127. Let r = q - 20. Calculate the remainder when r is divided by 6.
5
Suppose -8*u = -123 - 109. Calculate the remainder when u is divided by -1*(1 + -15 - -3).
7
Let o = -8 + 13. Let g be o/45 - 1868/(-36). Let a = g - 30. Calculate the remainder when 41 is divided by a.
19
Suppose 0 = 14*o - 7*o - 161. Calculate the remainder when 110 is divided by o.
18
Suppose -54 = -4*f + 246. Calculate the remainder when f is divided by 13.
10
Let j(s) = -s**2 - 6*s + 3. Let n be j(-4). Suppose 0*m + 2*f + 33 = 5*m, -4*f + n = m. Suppose -15 = -t + 10. What is the remainder when t is divided by m?
4
Let q(d) = -d**3 - 4*d**2 + 30*d + 14. Calculate the remainder when 208 is divided by q(-8).
28
Let n = -72 - -78. Let x(t) = t**2 - 3*t + 2. Let o be x(3). Suppose o*f + n = 24. Calculate the remainder when 61 is divided by f.
7
Suppose 10*f + 47 = 317. Calculate the remainder when f is divided by 6.
3
Suppose 554 = -4*y - 430. Let k = -79 - y. Calculate the remainder when k is divided by 56.
55
Let f be (-5)/(2 - (3 + 10/(-12))). Suppose 0 = 3*b - f - 9. What is the remainder when b is divided by 5?
3
Let r = 13 + -7. Let b be 5/1 + (-10 - -9). Calculate the remainder when 68/b + (-2 - 18/(-3)) is divided by r.
3
What is the remainder when (-14)/28*(-418 + 0) is divided by 70?
69
Calculate the remainder when 6935346/4950 - 4/50 is divided by 12.
9
Let z = -79 + 83. Suppose -145 = -3*u + 4*p + 39, -u = z*p - 40. Calculate the remainder when 278 is divided by u.
54
Let s(n) = -2*n**3 + 25*n**2 + 13*n + 11. Calculate the remainder when 91 is divided by s(13).
3
Suppose -10 = w + 2. What is the remainder when 41 + ((-3)/(-6))/(3/w) is divided by 10?
9
Let l = -18 + 23. Suppose 3*t - 3*x = -t + 123, -5*t - l*x + 180 = 0. What is the remainder when 61 is divided by t?
28
Let s = 55 - 14. What is the remainder when s is divided by (0 + -30)/(-13 - -11)?
11
What is the remainder when 32 is divided by (36/(-14) + 6)*21/6?
8
Let k = 479 + -445. What is the remainder when 101 is divided by k?
33
Let l(o) = -5*o**2 - 35*o - 8. What is the remainder when l(-5) is divided by 9?
6
Let t be 213/24 - (5/(-8))/5. Suppose 0 = t*n - 83 - 43. What is the remainder when 37 is divided by n?
9
Let l = 25 - 9. Let t = -2149 + 2152. What is the remainder when l is divided by t?
1
Let k(r) = 2*r**2 + r + 14. Let w be k(-6). Let j = -55 + w. What is the remainder when j is divided by 7?
4
Let v(o) = -o**2 + 14*o + 65. Calculate the remainder when 69 is divided by v(17).
13
What is the remainder when 65 is divided by (-612)/45*25/(-10)?
31
Suppose -p + 5*i = 109, -2*p - i = -7*p - 449. Let u = p - -92. What is the remainder when 4 is divided by u?
1
Suppose 5*o - b - 756 = 0, 4*b = 5*o - b - 740. Suppose -2*x + 10*x = o. Let k = -74 - -111. Calculate the remainder when k is divided by x.
18
Let m(j) = -j**2 - 12*j - 34. Let r be m(-7). Suppose -4*o - 4*f + 51 + r = 0, -o - 4*f = -28. What is the remainder when 38 is divided by o?
6
Suppose 1 = 3*w + 10, -y - 2*w + 1 = 0. Let i(r) = -r**2 + 7*r + 16. Calculate the remainder when 94 is divided by i(y).
14
Suppose s + 3 = 8. Calculate the remainder when -4 + 0 - -2 - -32 is divided by s + 12 + -1 + 0.
14
Let x = -2 - -8. Suppose 17 = y + 4. Suppose y*u - 9*u - 88 = 0. Calculate the remainder when u is divided by x.
4
Let n(r) = r**3 - r**2 - 9*r - 3. What is the remainder when n(5) is divided by 51?
1
Suppose 3*p = 4*n - 9, -4*n + 14 = -2*p + 4*p. Suppose -3*t + 2*g + 169 = 0, 3*t + g + n*g - 157 = 0. Calculate the remainder when t is divided by 14.
13
Let u = -357 - -374. Suppose 15 = 2*n + n. Calculate the remainder when u is divided by n.
2
Suppose -5*k + 7 + 13 = 0. Suppose -k*m = 2*x - 92 - 68, 5*m + 101 = x. Calculate the remainder when x is divided by 30.
26
Suppose 27*l - 2754 = 9*l. What is the remainder when l is divided by 22?
21
Suppose -5*q - 3*t = -210, -6*t + 7*t + 84 = 2*q. Calculate the remainder when q is divided by 37.
5
Suppose 2*i = -2*d + 638, -955 = -4*d + d - 4*i. Suppose 4*w - d = w. Let q = 6 + 21. Calculate the remainder when w is divided by q.
26
Calculate the remainder when 3/2*9*(2 - -4) is divided by 41.
40
Suppose -3*h - 87 = -4*a + a, 2*a = -4*h + 46. Let s = -18 + a. Let u(r) = r**2 + 6*r + 17. What is the remainder when u(-8) is divided by s?
6
Suppose b + 27 = 4*s + 6*b, -3*b = -4*s + 67. Let l = s - 5. Let j(o) = 2*o**2 + 3*o + 4. Calculate the remainder when j(-3) is divided by l.
5
Let m(r) = 2*r**3 + 28*r**2 - 3*r - 18. What is the remainder when 93 is divided by m(-14)?
21
Calculate the remainder when (-2)/((-6)/255) - 1 is divided by 15.
9
Let k = 12 + 13. Let m = 8 - -163. Calculate the remainder when m is divided by k.
21
Let i = -20 + 78. Let f(z) = 2*z. Let d be f(-2). Calculate the remainder when i is divided by (14/d + 2)*-10.
13
Suppose 0*n - 4 = -n - a, 5*n - 19 = -4*a. Let h = 67 + -33. Suppose w = -3*m + 27 - 12, 0 = -n*w + 2*m + h. Calculate the remainder when 22 is divided by w.
10
Suppose 90 = -4*a - 2*d, -36 + 11 = a + d. Let m = -12 - a. Suppose g